{"id":211,"date":"2023-01-05T09:32:14","date_gmt":"2023-01-05T09:32:14","guid":{"rendered":"https:\/\/marbleheart.at\/?page_id=211"},"modified":"2023-02-12T08:47:48","modified_gmt":"2023-02-12T08:47:48","slug":"faq","status":"publish","type":"page","link":"https:\/\/marbleheart.at\/index.php\/faq\/","title":{"rendered":"FAQ"},"content":{"rendered":"<div class=\"wp-block-uagb-faq uagb-faq__outer-wrap uagb-block-7c37af72 uagb-faq-icon-row-reverse uagb-faq-layout-accordion uagb-faq-expand-first-false uagb-faq-inactive-other-true uagb-faq__wrap uagb-buttons-layout-wrap uagb-faq-equal-height     \" data-faqtoggle=\"true\" role=\"tablist\"><div class=\"wp-block-uagb-faq-child uagb-faq-child__outer-wrap uagb-faq-item uagb-block-f7ebc358 \" role=\"tab\" tabindex=\"0\"><div class=\"uagb-faq-questions-button uagb-faq-questions\">\t\t\t<span class=\"uagb-icon uagb-faq-icon-wrap\">\n\t\t\t\t\t\t\t\t<svg xmlns=\"https:\/\/www.w3.org\/2000\/svg\" viewBox= \"0 0 256 512\"><path d=\"M64 448c-8.188 0-16.38-3.125-22.62-9.375c-12.5-12.5-12.5-32.75 0-45.25L178.8 256L41.38 118.6c-12.5-12.5-12.5-32.75 0-45.25s32.75-12.5 45.25 0l160 160c12.5 12.5 12.5 32.75 0 45.25l-160 160C80.38 444.9 72.19 448 64 448z\"><\/path><\/svg>\n\t\t\t\t\t\t\t<\/span>\n\t\t\t\t\t\t<span class=\"uagb-icon-active uagb-faq-icon-wrap\">\n\t\t\t\t\t\t\t\t<svg xmlns=\"https:\/\/www.w3.org\/2000\/svg\" viewBox= \"0 0 384 512\"><path d=\"M192 384c-8.188 0-16.38-3.125-22.62-9.375l-160-160c-12.5-12.5-12.5-32.75 0-45.25s32.75-12.5 45.25 0L192 306.8l137.4-137.4c12.5-12.5 32.75-12.5 45.25 0s12.5 32.75 0 45.25l-160 160C208.4 380.9 200.2 384 192 384z\"><\/path><\/svg>\n\t\t\t\t\t\t\t<\/span>\n\t\t\t<span class=\"uagb-question\">Was ist Epoxidharz\/Resin?<\/span><\/div><div class=\"uagb-faq-content\"><p>Meine Produkte bestehen aus Epoxidharz und werden von mir in Handarbeit hergestellt. <br>Epoxidharze sind Kunstharze, die aus zwei Komponenten bestehen: Harz und H\u00e4rter. Durch sorgf\u00e4ltige Verarbeitung der Komponenten entsteht eine chemische Reaktion, die das Harz aush\u00e4rten l\u00e4sst.<br>Ich achte bei der Herstellung meiner Produkte darauf ausschlie\u00dflich hochwertige Komponenten aus deutscher Produktion zu verwenden. Es werden keine Harze oder H\u00e4rter aus Drittland-Importen verwendet!<br><br>Die Verarbeitung von Epoxidharz h\u00e4ngt von vielen verschiedenen Komponenten ab, die Muster- und Farbgebung beeinflussen k\u00f6nnen. Aus diesem Grund schaut jedes St\u00fcck anders aus und ist somit ein Unikat. Kleine Unregelm\u00e4\u00dfigkeiten, Luftbl\u00e4schen, leichte Schlieren sind bei handgefertigten St\u00fccken aus Kunstharz normal und stellen somit keinen Grund zur Reklamation dar.<br><br>Die Vorderseite und die R\u00fcckseite eines Produkts schauen immer unterschiedlich aus.<br><br>Da es sich um Produkte aus Epoxidharz und nicht aus Glas handelt (auch wenn es manchmal so wirken mag), sind die Artikel nicht geeignet f\u00fcr den Geschirrsp\u00fcler, die Mikrowelle oder den Backofen. Grunds\u00e4tzlich liegt die maximale Hitzebest\u00e4ndigkeit 70\u00b0C.<\/p><\/div><\/div><div class=\"wp-block-uagb-faq-child uagb-faq-child__outer-wrap uagb-faq-item uagb-block-99541a23 \" role=\"tab\" tabindex=\"0\"><div class=\"uagb-faq-questions-button uagb-faq-questions\">\t\t\t<span class=\"uagb-icon uagb-faq-icon-wrap\">\n\t\t\t\t\t\t\t\t<svg xmlns=\"https:\/\/www.w3.org\/2000\/svg\" viewBox= \"0 0 256 512\"><path d=\"M64 448c-8.188 0-16.38-3.125-22.62-9.375c-12.5-12.5-12.5-32.75 0-45.25L178.8 256L41.38 118.6c-12.5-12.5-12.5-32.75 0-45.25s32.75-12.5 45.25 0l160 160c12.5 12.5 12.5 32.75 0 45.25l-160 160C80.38 444.9 72.19 448 64 448z\"><\/path><\/svg>\n\t\t\t\t\t\t\t<\/span>\n\t\t\t\t\t\t<span class=\"uagb-icon-active uagb-faq-icon-wrap\">\n\t\t\t\t\t\t\t\t<svg xmlns=\"https:\/\/www.w3.org\/2000\/svg\" viewBox= \"0 0 384 512\"><path d=\"M192 384c-8.188 0-16.38-3.125-22.62-9.375l-160-160c-12.5-12.5-12.5-32.75 0-45.25s32.75-12.5 45.25 0L192 306.8l137.4-137.4c12.5-12.5 32.75-12.5 45.25 0s12.5 32.75 0 45.25l-160 160C208.4 380.9 200.2 384 192 384z\"><\/path><\/svg>\n\t\t\t\t\t\t\t<\/span>\n\t\t\t<span class=\"uagb-question\">Wie pflege ich mein Resin-Produkt?<\/span><\/div><div class=\"uagb-faq-content\"><p>Damit du lange Freude an deinem Resin-Produkt hast, sind ein paar Dinge zu beachten:<br><br>Nicht in die Sp\u00fclmaschine, den Backofen oder die Mikrowelle geben.<br>Keine hei\u00dfen Gegenst\u00e4nde auf das Produkt stellen, da die Hitzebest\u00e4ndige bei 70\u00b0C liegt.<br><br>Am besten reinigt man die Produkte mit Wasser und einem weichen Mikrofasertuch und verzichtet auf jegliche aggressive Reinigung- oder gar Scheuermittel. Besonders Randbemalungen k\u00f6nnen darunter leiden und verblassen.<br>Epoxidharz ist nicht lebensmittelecht.<br><br>Bitte verwende die Produkte aus Epoxidharz nicht als Schneidebrett, da diese nicht kratzfest sind.<br>Das Produkt solle m\u00f6glichst flach gelagert werden und vor \u00fcberm\u00e4\u00dfiger Sonneneinstrahlung gesch\u00fctzt werden.<br><br>Die Produkte werden vor dem Versand geschliffen und kontrolliert, trotzdem wird empfohlen sie von Kleinkindern fernzuhalten um eventuelles Verschlucken oder Verletzungen mit sch\u00e4rferen Kanten zu vermeiden.<\/p><\/div><\/div><div class=\"wp-block-uagb-faq-child uagb-faq-child__outer-wrap uagb-faq-item uagb-block-b7221231 \" role=\"tab\" tabindex=\"0\"><div class=\"uagb-faq-questions-button uagb-faq-questions\">\t\t\t<span class=\"uagb-icon uagb-faq-icon-wrap\">\n\t\t\t\t\t\t\t\t<svg xmlns=\"https:\/\/www.w3.org\/2000\/svg\" viewBox= \"0 0 256 512\"><path d=\"M64 448c-8.188 0-16.38-3.125-22.62-9.375c-12.5-12.5-12.5-32.75 0-45.25L178.8 256L41.38 118.6c-12.5-12.5-12.5-32.75 0-45.25s32.75-12.5 45.25 0l160 160c12.5 12.5 12.5 32.75 0 45.25l-160 160C80.38 444.9 72.19 448 64 448z\"><\/path><\/svg>\n\t\t\t\t\t\t\t<\/span>\n\t\t\t\t\t\t<span class=\"uagb-icon-active uagb-faq-icon-wrap\">\n\t\t\t\t\t\t\t\t<svg xmlns=\"https:\/\/www.w3.org\/2000\/svg\" viewBox= \"0 0 384 512\"><path d=\"M192 384c-8.188 0-16.38-3.125-22.62-9.375l-160-160c-12.5-12.5-12.5-32.75 0-45.25s32.75-12.5 45.25 0L192 306.8l137.4-137.4c12.5-12.5 32.75-12.5 45.25 0s12.5 32.75 0 45.25l-160 160C208.4 380.9 200.2 384 192 384z\"><\/path><\/svg>\n\t\t\t\t\t\t\t<\/span>\n\t\t\t<span class=\"uagb-question\">Individuell gefertigte Artikel<\/span><\/div><div class=\"uagb-faq-content\"><p>Auf Wunsch k\u00f6nnen individuell personalisierte Artikel hergestellt werden. Eine Vielzahl von Farben, Formen, Beschriftungen etc. sind m\u00f6glich und k\u00f6nnen nach R\u00fccksprache hergestellt werden. Es ist jedoch darauf hinzuweisen, dass es nicht m\u00f6glich ist eine exakte Kopie eines Produkts anzufertigen bzw. das Resultat immer etwas abweichend ausschauen kann. Es handelt sich um ein handgefertigtes Kunstobjekt und keine maschinelle Fertigung. <br><br>Die R\u00fcckgabe von Individuell hergestellten Produkten ist ausgeschlossen.<\/p><\/div><\/div><div class=\"wp-block-uagb-faq-child uagb-faq-child__outer-wrap uagb-faq-item uagb-block-7cce131b \" role=\"tab\" tabindex=\"0\"><div class=\"uagb-faq-questions-button uagb-faq-questions\">\t\t\t<span class=\"uagb-icon uagb-faq-icon-wrap\">\n\t\t\t\t\t\t\t\t<svg xmlns=\"https:\/\/www.w3.org\/2000\/svg\" viewBox= \"0 0 256 512\"><path d=\"M64 448c-8.188 0-16.38-3.125-22.62-9.375c-12.5-12.5-12.5-32.75 0-45.25L178.8 256L41.38 118.6c-12.5-12.5-12.5-32.75 0-45.25s32.75-12.5 45.25 0l160 160c12.5 12.5 12.5 32.75 0 45.25l-160 160C80.38 444.9 72.19 448 64 448z\"><\/path><\/svg>\n\t\t\t\t\t\t\t<\/span>\n\t\t\t\t\t\t<span class=\"uagb-icon-active uagb-faq-icon-wrap\">\n\t\t\t\t\t\t\t\t<svg xmlns=\"https:\/\/www.w3.org\/2000\/svg\" viewBox= \"0 0 384 512\"><path d=\"M192 384c-8.188 0-16.38-3.125-22.62-9.375l-160-160c-12.5-12.5-12.5-32.75 0-45.25s32.75-12.5 45.25 0L192 306.8l137.4-137.4c12.5-12.5 32.75-12.5 45.25 0s12.5 32.75 0 45.25l-160 160C208.4 380.9 200.2 384 192 384z\"><\/path><\/svg>\n\t\t\t\t\t\t\t<\/span>\n\t\t\t<span class=\"uagb-question\">Wie kann ich einen Artikel bei Marble Heart bestellen?<\/span><\/div><div class=\"uagb-faq-content\"><p>Derzeit findest du meine Produkte ausschlie\u00dflich in meinem Etsy Shop. Solltest du eine Sonderanfertigung w\u00fcnschen, kannst du auch mich ganz einfach \u00fcber hello@marbleheart.at oder das Kontaktformular auf der Homepage kontaktieren.<\/p><\/div><\/div><div class=\"wp-block-uagb-faq-child uagb-faq-child__outer-wrap uagb-faq-item uagb-block-6bdfaecf \" role=\"tab\" tabindex=\"0\"><div class=\"uagb-faq-questions-button uagb-faq-questions\">\t\t\t<span class=\"uagb-icon uagb-faq-icon-wrap\">\n\t\t\t\t\t\t\t\t<svg xmlns=\"https:\/\/www.w3.org\/2000\/svg\" viewBox= \"0 0 256 512\"><path d=\"M64 448c-8.188 0-16.38-3.125-22.62-9.375c-12.5-12.5-12.5-32.75 0-45.25L178.8 256L41.38 118.6c-12.5-12.5-12.5-32.75 0-45.25s32.75-12.5 45.25 0l160 160c12.5 12.5 12.5 32.75 0 45.25l-160 160C80.38 444.9 72.19 448 64 448z\"><\/path><\/svg>\n\t\t\t\t\t\t\t<\/span>\n\t\t\t\t\t\t<span class=\"uagb-icon-active uagb-faq-icon-wrap\">\n\t\t\t\t\t\t\t\t<svg xmlns=\"https:\/\/www.w3.org\/2000\/svg\" viewBox= \"0 0 384 512\"><path d=\"M192 384c-8.188 0-16.38-3.125-22.62-9.375l-160-160c-12.5-12.5-12.5-32.75 0-45.25s32.75-12.5 45.25 0L192 306.8l137.4-137.4c12.5-12.5 32.75-12.5 45.25 0s12.5 32.75 0 45.25l-160 160C208.4 380.9 200.2 384 192 384z\"><\/path><\/svg>\n\t\t\t\t\t\t\t<\/span>\n\t\t\t<span class=\"uagb-question\">Wie lange dauert es bis ein Artikel, der individuell f\u00fcr mich hergestellt wird, versandt wird?<\/span><\/div><div class=\"uagb-faq-content\"><p>Abh\u00e4ngig vom Umfang der Bestellung ben\u00f6tigen individuell gestaltete oder personalisierte Artikel eine Vorlaufzeit von 10 bis 15 Werktage bis zum Versand. Bestellung sind aber oftmals auch schon fr\u00fcher fertig als angegeben.  <br>Artikel mit unterschiedlichen Lieferzeiten werden immer gemeinsam versandt, sofern keine abweichenden Vereinbarungen getroffen wurde. <\/p><\/div><\/div><div class=\"wp-block-uagb-faq-child uagb-faq-child__outer-wrap uagb-faq-item uagb-block-6d96c49e \" role=\"tab\" tabindex=\"0\"><div class=\"uagb-faq-questions-button uagb-faq-questions\">\t\t\t<span class=\"uagb-icon uagb-faq-icon-wrap\">\n\t\t\t\t\t\t\t\t<svg xmlns=\"https:\/\/www.w3.org\/2000\/svg\" viewBox= \"0 0 256 512\"><path d=\"M64 448c-8.188 0-16.38-3.125-22.62-9.375c-12.5-12.5-12.5-32.75 0-45.25L178.8 256L41.38 118.6c-12.5-12.5-12.5-32.75 0-45.25s32.75-12.5 45.25 0l160 160c12.5 12.5 12.5 32.75 0 45.25l-160 160C80.38 444.9 72.19 448 64 448z\"><\/path><\/svg>\n\t\t\t\t\t\t\t<\/span>\n\t\t\t\t\t\t<span class=\"uagb-icon-active uagb-faq-icon-wrap\">\n\t\t\t\t\t\t\t\t<svg xmlns=\"https:\/\/www.w3.org\/2000\/svg\" viewBox= \"0 0 384 512\"><path d=\"M192 384c-8.188 0-16.38-3.125-22.62-9.375l-160-160c-12.5-12.5-12.5-32.75 0-45.25s32.75-12.5 45.25 0L192 306.8l137.4-137.4c12.5-12.5 32.75-12.5 45.25 0s12.5 32.75 0 45.25l-160 160C208.4 380.9 200.2 384 192 384z\"><\/path><\/svg>\n\t\t\t\t\t\t\t<\/span>\n\t\t\t<span class=\"uagb-question\">R\u00fcckgabe und Widerruf<\/span><\/div><div class=\"uagb-faq-content\"><p>Du hast das Recht, binnen vierzehn Tagen ohne Angabe von Gr\u00fcnden den Vertrag zu widerrufen. Ausschlie\u00dflich Sofortk\u00e4ufe (vorgefertigte Artikel) k\u00f6nnen zur\u00fcckgegeben werden. Diese m\u00fcssen im Originalzustand und nicht besch\u00e4digt, benutzt oder \u00e4hnliches sein. Der R\u00fcckversand ist vom K\u00e4ufer zu tragen und darf nur als versichertes Paket mit Sendungsverfolgung erfolgen. Weitere Infos zu R\u00fcckgabe und Widerruf findest du in den AGB.<br><br>Die R\u00fcckgabe von Individuell hergestellten Produkten ist ausgeschlossen.<\/p><\/div><\/div><\/div>\n\n\n<div class=\"wp-block-group alignfull has-white-color has-text-color has-background has-link-color wp-elements-3f3e0d35d64e7e691c8930190c78ebdc\" style=\"background-color:#9ba8b2;padding-top:4em;padding-bottom:2em\"><div class=\"wp-block-group__inner-container is-layout-flow wp-block-group-is-layout-flow\">\n<div class=\"wp-block-columns is-layout-flex wp-container-core-columns-is-layout-9d6595d7 wp-block-columns-is-layout-flex\">\n<div class=\"wp-block-column is-vertically-aligned-top is-layout-flow wp-block-column-is-layout-flow\" style=\"flex-basis:24.62%\"><div class=\"wp-block-image\">\n<figure class=\"alignright size-large is-resized\"><img loading=\"lazy\" decoding=\"async\" src=\"https:\/\/marbleheart.at\/wp-content\/uploads\/2023\/01\/Marble-Heart.sublogo.watermark.white_.text_-edited-1024x1024.png\" alt=\"\" class=\"wp-image-466\" width=\"250\" height=\"250\" srcset=\"https:\/\/marbleheart.at\/wp-content\/uploads\/2023\/01\/Marble-Heart.sublogo.watermark.white_.text_-edited-1024x1024.png 1024w, https:\/\/marbleheart.at\/wp-content\/uploads\/2023\/01\/Marble-Heart.sublogo.watermark.white_.text_-edited-300x300.png 300w, https:\/\/marbleheart.at\/wp-content\/uploads\/2023\/01\/Marble-Heart.sublogo.watermark.white_.text_-edited-150x150.png 150w, https:\/\/marbleheart.at\/wp-content\/uploads\/2023\/01\/Marble-Heart.sublogo.watermark.white_.text_-edited-768x768.png 768w, https:\/\/marbleheart.at\/wp-content\/uploads\/2023\/01\/Marble-Heart.sublogo.watermark.white_.text_-edited-1536x1536.png 1536w, https:\/\/marbleheart.at\/wp-content\/uploads\/2023\/01\/Marble-Heart.sublogo.watermark.white_.text_-edited.png 1717w\" sizes=\"auto, (max-width: 250px) 100vw, 250px\" \/><\/figure>\n<\/div><\/div>\n\n\n\n<div class=\"wp-block-column is-vertically-aligned-center has-white-color has-text-color is-layout-flow wp-block-column-is-layout-flow\" style=\"flex-basis:18.46%\">\n<div id=\"wp-block-themeisle-blocks-icon-list-fdb12f02\" class=\"wp-block-themeisle-blocks-icon-list\">\n<div id=\"wp-block-themeisle-blocks-icon-list-item-03a18a42\" class=\"wp-block-themeisle-blocks-icon-list-item ticss-65d312e7\"><i class=\"fas fa-angle-right wp-block-themeisle-blocks-icon-list-item-icon\"><\/i><p class=\"wp-block-themeisle-blocks-icon-list-item-content-custom\"><a href=\"https:\/\/marbleheart.at\/?page_id=510\" data-type=\"page\" data-id=\"510\">Impressum<\/a><\/p><\/div>\n\n\n\n<div id=\"wp-block-themeisle-blocks-icon-list-item-cfa92f5a\" class=\"wp-block-themeisle-blocks-icon-list-item\"><i class=\"fas fa-angle-right wp-block-themeisle-blocks-icon-list-item-icon\"><\/i><p class=\"wp-block-themeisle-blocks-icon-list-item-content\"><a href=\"https:\/\/marbleheart.at\/index.php\/kontakt\/\">Kontaktformular<\/a><\/p><\/div>\n\n\n\n<div id=\"wp-block-themeisle-blocks-icon-list-item-bdbaf424\" class=\"wp-block-themeisle-blocks-icon-list-item\"><i class=\"fas fa-angle-right wp-block-themeisle-blocks-icon-list-item-icon\"><\/i><p class=\"wp-block-themeisle-blocks-icon-list-item-content\"><a href=\"https:\/\/marbleheart.at\/?page_id=513\" data-type=\"page\" data-id=\"513\">Datenschutzerkl\u00e4rung<\/a><\/p><\/div>\n\n\n\n<div id=\"wp-block-themeisle-blocks-icon-list-item-b7a4b6cf\" class=\"wp-block-themeisle-blocks-icon-list-item\"><i class=\"fas fa-angle-right wp-block-themeisle-blocks-icon-list-item-icon\"><\/i><p class=\"wp-block-themeisle-blocks-icon-list-item-content\"><a href=\"https:\/\/marbleheart.at\/index.php\/faq\/\">H\u00e4ufige Fragen<\/a><\/p><\/div>\n\n\n\n<div id=\"wp-block-themeisle-blocks-icon-list-item-ca6dd75b\" class=\"wp-block-themeisle-blocks-icon-list-item\"><i class=\"fas fa-angle-right wp-block-themeisle-blocks-icon-list-item-icon\"><\/i><p class=\"wp-block-themeisle-blocks-icon-list-item-content\"><a href=\"https:\/\/marbleheart.at\/?page_id=515\" data-type=\"page\" data-id=\"515\">Pflegehinweise<\/a><\/p><\/div>\n<\/div>\n<\/div>\n\n\n\n<div class=\"wp-block-column is-vertically-aligned-center is-layout-flow wp-block-column-is-layout-flow\" style=\"flex-basis:20%\">\n<div class=\"wp-block-wpzoom-blocks-social-icons is-style-without-canvas-with-border show-icon-labels-style\" style=\"--wpz-social-icons-block-item-font-size:19px;--wpz-social-icons-block-item-padding-horizontal:6px;--wpz-social-icons-block-item-padding-vertical:6px;--wpz-social-icons-block-item-margin-horizontal:5px;--wpz-social-icons-block-item-margin-vertical:5px;--wpz-social-icons-block-item-border-radius:10px;--wpz-social-icons-block-label-font-size:18px;--wpz-social-icons-block-label-color:#fff;--wpz-social-icons-block-label-color-hover:#f1f1f1;--wpz-social-icons-alignment:flex-start\"><a href=\"https:\/\/www.etsy.com\/shop\/MarbleheartShop\" class=\"social-icon-link\" title=\"Etsy\" target=\"_blank\" style=\"--wpz-social-icons-block-item-color:#fff;--wpz-social-icons-block-item-color-hover:#9ba8b2\" rel=\"noopener\"><span class=\"social-icon socicon socicon-etsy\"><\/span><span class=\"icon-label\">Etsy<\/span><\/a><a href=\"https:\/\/www.instagram.com\/marbleheart.at\/\" class=\"social-icon-link\" title=\"Instagram\" target=\"_blank\" style=\"--wpz-social-icons-block-item-color:#fff;--wpz-social-icons-block-item-color-hover:#9ba8b2\" rel=\"noopener\"><span class=\"social-icon socicon socicon-instagram\"><\/span><span class=\"icon-label\">Instagram<\/span><\/a><a href=\"https:\/\/wordpress.org\" class=\"social-icon-link\" title=\"Pinterest\" target=\"_blank\" style=\"--wpz-social-icons-block-item-color:#fff;--wpz-social-icons-block-item-color-hover:#9ba8b2\" rel=\"noopener\"><span class=\"social-icon socicon socicon-pinterest\"><\/span><span class=\"icon-label\">Pinterest<\/span><\/a><\/div>\n<\/div>\n\n\n\n<div class=\"wp-block-column is-layout-flow wp-block-column-is-layout-flow\" style=\"flex-basis:5%\"><\/div>\n<\/div>\n<\/div><\/div>\n","protected":false},"excerpt":{"rendered":"","protected":false},"author":1,"featured_media":0,"parent":0,"menu_order":5,"comment_status":"closed","ping_status":"closed","template":"templates\/full-width-page.php","meta":{"qubely_global_settings":"","qubely_interactions":"","_eb_attr":"","_uag_custom_page_level_css":"","_themeisle_gutenberg_block_has_review":false,"footnotes":""},"class_list":["post-211","page","type-page","status-publish","hentry"],"uagb_featured_image_src":{"full":false,"thumbnail":false,"medium":false,"medium_large":false,"large":false,"1536x1536":false,"2048x2048":false,"qubely_landscape":false,"qubely_portrait":false,"qubely_thumbnail":false},"uagb_author_info":{"display_name":"claudia","author_link":"https:\/\/marbleheart.at\/index.php\/author\/claudia\/"},"uagb_comment_info":0,"uagb_excerpt":null,"_links":{"self":[{"href":"https:\/\/marbleheart.at\/index.php\/wp-json\/wp\/v2\/pages\/211","targetHints":{"allow":["GET"]}}],"collection":[{"href":"https:\/\/marbleheart.at\/index.php\/wp-json\/wp\/v2\/pages"}],"about":[{"href":"https:\/\/marbleheart.at\/index.php\/wp-json\/wp\/v2\/types\/page"}],"author":[{"embeddable":true,"href":"https:\/\/marbleheart.at\/index.php\/wp-json\/wp\/v2\/users\/1"}],"replies":[{"embeddable":true,"href":"https:\/\/marbleheart.at\/index.php\/wp-json\/wp\/v2\/comments?post=211"}],"version-history":[{"count":27,"href":"https:\/\/marbleheart.at\/index.php\/wp-json\/wp\/v2\/pages\/211\/revisions"}],"predecessor-version":[{"id":715,"href":"https:\/\/marbleheart.at\/index.php\/wp-json\/wp\/v2\/pages\/211\/revisions\/715"}],"wp:attachment":[{"href":"https:\/\/marbleheart.at\/index.php\/wp-json\/wp\/v2\/media?parent=211"}],"curies":[{"name":"wp","href":"https:\/\/api.w.org\/{rel}","templated":true}]}}